442.
98
What is the remainder when 227154 is divided by 203?
200
Calculate the remainder when 41822 is divided by 34.
2
Calculate the remainder when 1699668 is divided by 647.
646
What is the remainder when 7266 is divided by 292?
258
What is the remainder when 1809 is divided by 251?
52
What is the remainder when 102934 is divided by 79?
76
What is the remainder when 7153 is divided by 651?
643
What is the remainder when 194401 is divided by 917?
914
What is the remainder when 18824 is divided by 570?
14
Calculate the remainder when 6258 is divided by 252.
210
Calculate the remainder when 41906 is divided by 344.
282
What is the remainder when 270543 is divided by 89?
72
What is the remainder when 50580 is divided by 3159?
36
What is the remainder when 15598 is divided by 15483?
115
What is the remainder when 1090 is divided by 200?
90
What is the remainder when 1681 is divided by 162?
61
Calculate the remainder when 165839 is divided by 202.
199
What is the remainder when 34815 is divided by 104?
79
What is the remainder when 32086 is divided by 103?
53
What is the remainder when 50379 is divided by 16762?
93
Calculate the remainder when 614824 is divided by 809.
793
Calculate the remainder when 17282 is divided by 64.
2
Calculate the remainder when 1251 is divided by 251.
247
Calculate the remainder when 481616 is divided by 49.
44
What is the remainder when 104989 is divided by 32?
29
What is the remainder when 243 is divided by 71?
30
What is the remainder when 345 is divided by 70?
65
Calculate the remainder when 482808 is divided by 13.
1
What is the remainder when 158725 is divided by 157?
155
What is the remainder when 2633 is divided by 238?
15
Calculate the remainder when 632 is divided by 3.
2
What is the remainder when 49134 is divided by 148?
146
Calculate the remainder when 208862 is divided by 14.
10
Calculate the remainder when 117391 is divided by 58688.
15
What is the remainder when 7070 is divided by 24?
14
Calculate the remainder when 106640 is divided by 142.
140
What is the remainder when 1763 is divided by 79?
25
Calculate the remainder when 2160 is divided by 539.
4
What is the remainder when 116230 is divided by 87?
85
Calculate the remainder when 3237 is divided by 1056.
69
What is the remainder when 166 is divided by 157?
9
Calculate the remainder when 731 is divided by 541.
190
What is the remainder when 394552 is divided by 98?
4
Calculate the remainder when 5839 is divided by 5783.
56
Calculate the remainder when 1258885 is divided by 8.
5
What is the remainder when 3786 is divided by 69?
60
Calculate the remainder when 234459 is divided by 55.
49
What is the remainder when 3293 is divided by 284?
169
Calculate the remainder when 1953 is divided by 548.
309
What is the remainder when 20998 is divided by 168?
166
What is the remainder when 1123519 is divided by 404?
399
Calculate the remainder when 5032 is divided by 7.
6
What is the remainder when 14359 is divided by 1930?
849
Calculate the remainder when 528211 is divided by 332.
331
Calculate the remainder when 11214 is divided by 1014.
60
What is the remainder when 17503 is divided by 3458?
213
What is the remainder when 43382 is divided by 17?
15
Calculate the remainder when 112689 is divided by 118.
117
Calculate the remainder when 31386 is divided by 135.
66
Calculate the remainder when 1121 is divided by 663.
458
Calculate the remainder when 46508 is divided by 159.
80
Calculate the remainder when 317526 is divided by 74.
66
What is the remainder when 51808 is divided by 77?
64
What is the remainder when 53472 is divided by 1336?
32
What is the remainder when 1547 is divided by 413?
308
Calculate the remainder when 981056 is divided by 1507.
1506
What is the remainder when 110101 is divided by 60?
1
What is the remainder when 167829 is divided by 9?
6
Calculate the remainder when 23138 is divided by 906.
488
Calculate the remainder when 3227 is divided by 642.
17
What is the remainder when 17093 is divided by 18?
11
Calculate the remainder when 157700 is divided by 292.
20
Calculate the remainder when 84236 is divided by 27.
23
Calculate the remainder when 130971 is divided by 1871.
1
Calculate the remainder when 291 is divided by 245.
46
Calculate the remainder when 10545 is divided by 80.
65
What is the remainder when 892 is divided by 880?
12
What is the remainder when 740 is divided by 252?
236
What is the remainder when 104817 is divided by 15?
12
Calculate the remainder when 151737 is divided by 40.
17
What is the remainder when 159282 is divided by 61?
11
What is the remainder when 69265 is divided by 163?
153
Calculate the remainder when 474402 is divided by 30.
12
What is the remainder when 1236 is divided by 83?
74
Calculate the remainder when 15667 is divided by 24.
19
What is the remainder when 133391 is divided by 397?
396
What is the remainder when 1749045 is divided by 359?
356
Calculate the remainder when 141231 is divided by 194.
193
Calculate the remainder when 4295 is divided by 293.
193
What is the remainder when 286444 is divided by 36?
28
Calculate the remainder when 121900 is divided by 434.
380
Calculate the remainder when 123672 is divided by 61.
25
Calculate the remainder when 619145 is divided by 81.
62
Calculate the remainder when 94369 is divided by 755.
749
What is the remainder when 758781 is divided by 494?
491
What is the remainder when 7102 is divided by 389?
100
What is the remainder when 217110 is divided by 1300?
10
What is the remainder when 6658 is divided by 70?
8
What is the remainder when 5488 is divided by 1090?
38
What is the remainder when 176868 is divided by 19?
16
Calculate the remainder when 75428 is divided by 87.
86
What is the remainder when 143583 is divided by 48?
15
Calculate the remainder when 206789 is divided by 122.
121
Calculate the remainder when 23243 is divided by 198.
77
What is the remainder when 5470612 is divided by 30?
22
Calculate the remainder when 25501 is divided by 709.
686
What is the remainder when 18855 is divided by 18?
9
What is the remainder when 157116 is divided by 1746?
1722
Calculate the remainder when 710 is divided by 224.
38
Calculate the remainder when 6283 is divided by 88.
35
Calculate the remainder when 96874 is divided by 13833.
43
What is the remainder when 485582 is divided by 89?
87
Calculate the remainder when 96065 is divided by 915.
905
Calculate the remainder when 584 is divided by 130.
64
Calculate the remainder when 150801 is divided by 48.
33
Calculate the remainder when 56247 is divided by 250.
247
Calculate the remainder when 1547 is divided by 250.
47
What is the remainder when 4250 is divided by 8?
2
Calculate the remainder when 9603 is divided by 960.
3
What is the remainder when 940 is divided by 730?
210
Calculate the remainder when 24736 is divided by 3.
1
What is the remainder when 265184 is divided by 42?
38
Calculate the remainder when 14530 is divided by 987.
712
What is the remainder when 12224 is divided by 159?
140
Calculate the remainder when 590940 is divided by 118.
114
What is the remainder when 129 is divided by 100?
29
Calculate the remainder when 3550 is divided by 883.
18
What is the remainder when 31764 is divided by 159?
123
Calculate the remainder when 14795 is divided by 107.
29
What is the remainder when 479165 is divided by 12?
5
Calculate the remainder when 449673 is divided by 12.
9
What is the remainder when 263948 is divided by 104?
100
Calculate the remainder when 86248 is divided by 579.
556
What is the remainder when 79955 is divided by 1703?
1617
Calculate the remainder when 2635 is divided by 438.
7
What is the remainder when 26866 is divided by 8954?
4
Calculate the remainder when 2674236 is divided by 7.
5
Calculate the remainder when 7041 is divided by 1258.
751
Calculate the remainder when 1218238 is divided by 47.
45
What is the remainder when 1237 is divided by 53?
18
Calculate the remainder when 581 is divided by 231.
119
What is the remainder when 1469 is divided by 96?
29
Calculate the remainder when 16480 is divided by 285.
235
What is the remainder when 8471 is divided by 263?
55
What is the remainder when 49499 is divided by 3?
2
Calculate the remainder when 425997 is divided by 125.
122
What is the rem